(s) = 2*s. Let d(p) = 6*l(p) + u(p). Let c(v) = -4*v - 21. Let a(i) = 6*c(i) + 11*d(i). Calculate a(-5).
5
Let b(y) = -245 + 274 - 4386*y + 4382*y. Calculate b(7).
1
Let k(d) = -d**3 - d**2 - d + 6. Suppose -3*j + 7 = 4*o, 0 = -0*o + 5*o + 4*j - 8. Suppose -18*b - o*b = 0. Determine k(b).
6
Let u(p) = -18 + 497*p**2 - 975*p**2 - 18*p + 2 - 1 + 479*p**2. Determine u(22).
71
Let j(y) be the first derivative of -y**3/3 - 10*y**2 - 105*y - 567. Give j(-10).
-5
Let a be 7/1 + (-8 - -5). Let i(n) = 13*n + 3. Let o(g) = -57*g - 13. Let m(c) = -9*i(c) - 2*o(c). What is m(a)?
-13
Suppose 23*u - 4 = 21*u. Suppose -3*i + 2*w + 13 = 0, 4*i - u*w - 11 = 7. Let l(y) = y**3 - 4*y**2 - 7*y + 4. Calculate l(i).
-6
Let k(n) be the second derivative of n - 5/12*n**4 - 1/20*n**5 + 5/6*n**3 + 9/2*n**2 + 0. Let z be 104/(-8) - (6/6*-10 + 3). Calculate k(z).
15
Let a(m) = -4 + 3 - 10*m - 3*m**3 - 9*m**2 + 4*m**3. Suppose 2728*r - 2723*r = -50, -2*g = 3*r + 10. What is a(g)?
-1
Let t(w) = 3*w - 6. Let c be 6/(12/10) + 289. Suppose c*j = 291*j + 18. Give t(j).
12
Let h be (-16 - -19 - 13*-2) + -5. Suppose -21*o + 19*o + h = -3*n, 3*n = 4*o - 36. Let l(g) = -g**3 + 5*g**2 + 5*g + 4. Give l(o).
-2
Let g(r) be the first derivative of -7*r**2/2 + 9*r - 87. Let s(t) = -6*t + 7. Let c(n) = 4*g(n) - 5*s(n). Give c(5).
11
Let z(w) = 45*w - 281. Let j be z(6). Let q(a) = 7*a + 84. Calculate q(j).
7
Let a(j) = j**3 - j - 1. Let f be a(0). Let u(r) = 7241*r - 3621*r - 3620*r + 10*r**2 + 1. Give u(f).
11
Let m(z) = 2*z + 29. Let f(t) = 30*t + 447. Let c(p) = 2*f(p) - 31*m(p). Let k(b) = -b - 2. Let h be k(-5). Suppose -7*v - 32 = -h*v. Calculate c(v).
11
Let v(r) = -r**3 + 10*r**2 - r + 12. Let f(d) = -d - 3. Let s(b) = -10*b - 160. Let k(z) = -5*f(z) + s(z). Let x be k(-31). Give v(x).
2
Let p(z) = z**2 - 10*z + 4. Let n be 1 - 2*10/(-5). Suppose 3*y = 3*i + 2*i + 96, 4*i + 69 = n*y. Let r = i + 25. What is p(r)?
-20
Let o(n) = -n**2 - 21*n - 82. Suppose -8*x - 2*f + 26 = -9*x, -f + 7 = 0. Calculate o(x).
26
Let k be 28/6 + (-4)/(-12). Let y(s) = -7*s**2 + 10*s - 10. Let w(d) = 32*d**2 - 15*d**2 + 5*d - 21*d**2 - 1 + 2 - 6. Let g(r) = k*w(r) - 3*y(r). Give g(6).
11
Let a = 168 + -166. Let x(z) = a - 4 - 4 - 10*z + 12*z - 4*z. What is x(-9)?
12
Let j(m) be the first derivative of -2*m**2 - 57*m + 176. Give j(-15).
3
Let u(b) = b**3 + 7*b**2 - 14*b - 8. Let l(z) = -z**2 - 41*z - 157. Let n be l(-4). What is u(n)?
-44
Suppose 2*d = w + 4, -8 - 2 = 5*w. Let g be d - (5 + (-2 - 1)). Let f(t) = -t**2. Let k(p) = 5*p**2 - 7*p - 6. Let x(n) = g*k(n) - 6*f(n). What is x(-7)?
6
Let b(x) = 10*x - 1. Let k be 2072/814 + 1/((-22)/12). Let f be -5 - (-45)/9 - (-4 + k). What is b(f)?
19
Let y(g) be the first derivative of g**4/4 + g**3/3 - g**2/2 + 14*g + 281. Let n(w) = 5*w - 3. Let j be n(-2). Let k = j + 13. Determine y(k).
14
Let z(o) = -279*o**2 - 4*o + 284*o**2 - o**3 + 7 + 6*o + 0*o. Let c = 6 + 0. Determine z(c).
-17
Let s(a) = -a**3 + 2*a - 1. Let u = 737 + -757. Let c be 85/(-40) + u/(-160). Determine s(c).
3
Let c(z) = z**2 - 13*z - 54. Let d = -13353 - -13370. What is c(d)?
14
Let i(z) = z**2 + 4*z - 4. Let f be i(-4). Let v(x) = -3*x + 10. Let y be v(3). Let n(a) = 2*a**2 - y + 2*a**2 + 2*a**2 - 5*a**2. Calculate n(f).
15
Let m(c) = -35*c - 234. Let a(f) = -12*f - 86. Let i(y) = 11*a(y) - 4*m(y). What is i(2)?
6
Let u be (-10 + (27 - 8))/(2 + -1). Let s(r) = 6 + 0*r**3 - r**3 + 9*r**2 + 0*r**3 - 3*r + 2*r. Calculate s(u).
-3
Let j(v) = 9*v**3 - 16*v**2 + 12. Let n(u) = -11*u**3 + 20*u**2 - 12. Let w(o) = 5*j(o) + 4*n(o). Give w(0).
12
Let p(x) = 3*x + 2. Let y(o) = 6*o**3 + 3*o**2 + 3*o - 2. Let l be y(-2). Let i = 40 + l. Let m be -4*i/8*(-2)/2. Determine p(m).
-4
Suppose 0 = -168*h - 100*h - 804. Let u(q) be the third derivative of 0 + 0*q - 1/6*q**4 - 3*q**2 - 1/3*q**3. What is u(h)?
10
Let i(v) be the first derivative of -v**2/2 - 15*v + 1134. Give i(-18).
3
Let i(z) = -z + 1. Let f(d) = 11*d + 3. Let w(m) = f(m) - 2*i(m). Let g(r) = -12*r - 84. Let k be g(-17). Let p = k + -119. What is w(p)?
14
Let g(d) be the third derivative of d**6/120 - d**5/10 + 5*d**4/24 - d**3/3 + 350*d**2. Give g(6).
28
Let c(x) = x**2 + 2. Let j(w) = w**3 + 32*w**2 + 194*w + 49. Let v be j(-24). Determine c(v).
3
Suppose -3*q + 2 = 2*n, -2*n + 5*n + 10 = 2*q. Let f(w) be the first derivative of 2*w**3/3 + w**2/2 + w - 14978. Calculate f(q).
11
Let b(h) be the third derivative of -h**6/120 - h**5/60 - 5*h**3/6 + 85*h**2 - 1. Let i(w) = 6*w + 36. Let v be i(-6). Calculate b(v).
-5
Let m(w) = -27*w + 176. Let c(v) = -6*v + 295. Let z be c(48). Let s be m(z). Let q(u) = -u**3 - 13*u**2 + u + 7. Determine q(s).
-6
Let u(p) = 6 - 52 + 23 - 14*p + 18. Give u(1).
-19
Let u(h) = -25*h - 3. Let m(q) = 6*q + 1. Let w(c) = -9*m(c) - 2*u(c). Suppose -2*v - 10 = 2*f, 25 = 27*f - 44*f - 2*v. Determine w(f).
1
Let s be (1 + 1/(-2))*6. Let r(x) be the second derivative of -x**2 + 0 - 67*x - 1/2*x**3 + 1/12*x**4. Give r(s).
-2
Let c(p) = -7*p**3 + 31*p**2 - 30*p. Suppose -5*a = -25, -2*a - 89 + 96 = -3*z. Calculate c(z).
-6
Let h(q) = -q**2 + 8*q - 2. Suppose -5*z - 153 = -8*z. Suppose 0 = 8*f - 5 - z. What is h(f)?
5
Let u(b) = 0*b**2 + 4 - 364*b + 197*b + 166*b + 0*b**2 - b**2. Calculate u(3).
-8
Let r = 9189 - 9194. Let c(q) = 5*q**3 - 7*q**2 - 16*q - 20. Let o(y) = -3*y**3 + 5*y**2 + 11*y + 13. Let p(f) = 5*c(f) + 8*o(f). What is p(r)?
-36
Let w(h) = 3*h - 63*h**2 - 2 - 70*h**2 - 3 + 192*h**2 - 60*h**2. What is w(4)?
-9
Let l(o) = -3*o**2 + 25*o - 16. Suppose -5*t + 43*n = 44*n - 40, -t + 4*n + 8 = 0. What is l(t)?
-8
Let f(z) = -2*z + 22. Let q be 1 + (-50)/20 + 1/2. Let s(n) = 5*n**2 - 9*n - 7. Let t be s(q). What is f(t)?
8
Let t(k) be the third derivative of k**5/60 + 19*k**4/24 - 6*k**3 + 47*k**2 + 5. Calculate t(-17).
-70
Let b(i) = i**3 - 7*i + 7. Suppose -5*l + 3*f = -25, 2*f - 17 = -4*l - 19. Calculate b(l).
1
Let t = 54 + -68. Let x be t/(((-6)/3 + 3)*-1). Let o(h) = -7*h**2 + 21*h**2 + 4*h**3 + 8*h**3 - 13*h**3. Determine o(x).
0
Let d(c) = 70*c - 4. Let z(n) = 170*n - 7. Let x(f) = 5*d(f) - 2*z(f). Calculate x(8).
74
Let r(p) = -15*p**2 - 7. Let v(n) be the first derivative of 22*n**3/3 + 10*n + 4. Let f(t) = -7*r(t) - 5*v(t). Determine f(2).
-21
Let i(v) = v + 7. Let b(n) = -20*n + 47. Let l(f) = -b(f) + i(f). Calculate l(2).
2
Let r(q) = -3*q + 4 - 3 - 4*q. Let k(i) = -22*i**2 + 41*i - 20. Let g be k(1). Give r(g).
8
Let t(v) be the third derivative of -72*v**2 + 1/24*v**4 + 0*v + 0*v**3 + 0 - 1/30*v**5. What is t(2)?
-6
Let j(h) = 4*h + 31. Let c be j(-7). Suppose -5*k = 25, c*q = -4*k - 12 - 2. Suppose o - 8 = -s - o, -s - 8 = -q*o. Let p(w) = w - 3. What is p(s)?
-3
Let o(v) = -7*v - 187. Let q be 82/(-3) + 16 + -16 - (-2)/(-3). Give o(q).
9
Let q(n) = -n**2 - 7*n + 9. Let a = 133 + -109. Suppose -b = -4*b - a. Give q(b).
1
Let b(q) = -13*q + 47 + 44 - 93 + 11*q**2 - 13*q**3. Let u(y) = 7*y**3 - 5*y**2 + 6*y. Let p(a) = 6*b(a) + 11*u(a). What is p(10)?
-32
Suppose 625*v = 210*v - 945 - 715. Let z(p) = -p**3 - 5*p**2 + 3*p - 11. Let x(f) = f - 1. Let s(y) = -5*x(y) + z(y). What is s(v)?
-14
Let s(a) = -366*a + 1479*a - 369*a - 372*a + 4 - 370*a. Give s(5).
14
Let y(z) = 3*z**2 - z - 13. Let d(p) = -p**2 + 5. Let v(b) = -8*d(b) - 3*y(b). Give v(1).
1
Let h(r) = -10*r + 80. Let z = 24216 + -24210. Calculate h(z).
20
Let d(i) = -i**2 - 5*i. Suppose -1 = -4*t - 5. Let r(u) = -u - 1. Let l(g) = t*r(g) + d(g). Let x be -3 - (21/(-210) + 11/10). Determine l(x).
1
Let a(v) = 14*v - 7. Let c(t) = -25*t + 13. Let y(m) = -7*a(m) - 4*c(m). Give y(4).
5
Let z(s) = s**3 - s**2 - 10*s - 1. Let f(c) = 10*c**3 - 13*c**2 - 79*c - 3. Let r(x) = f(x) - 7*z(x). Calculate r(3).
4
Let q = -2919 - -2928. Let z(c) = c**3 - 7*c**2 - 17*c + 17. What is z(q)?
26
Let c(y) = -y. Let m(j) = 5*j**2 + 2*j + 1. Let n(z) = 2*z**2. Let q(b) = -m(b) + 3*n(b). Suppose -6*f + 15 = -f. Let s be q(f). Give c(s).
-2
Let q(h) = h + 13. Let o be q(-21). Let a(v) = v**3 + 7*v**2 - 3*v + 43. Calculate a(o).
3
Let f = -597 + 626. Suppose 0 = 39*t - f*t - 60. Let w(k) be the first derivative of k**4/4 - 2*k**3 - k**2/2 + 1. Calculate w(t).
-6
Let n(i) = -i**2 - 11*i + 6. Let h be n(-10). Suppose 3*o - 19 = 4*d, -2*o - h = -5*o + d. Let p(w